
Calculate the remainder when 246 is divided by 31.
29
Calculate the remainder when 12737 is divided by 193.
192
Calculate the remainder when 8827 is divided by 327.
325
What is the remainder when 33 is divided by 9?
6
What is the remainder when 3148 is divided by 63?
61
What is the remainder when 460 is divided by 39?
31
Calculate the remainder when 8527 is divided by 38.
15
Calculate the remainder when 41 is divided by 23.
18
Calculate the remainder when 161 is divided by 56.
49
What is the remainder when 5029 is divided by 180?
169
What is the remainder when 562 is divided by 96?
82
Calculate the remainder when 211 is divided by 8.
3
Calculate the remainder when 970 is divided by 66.
46
What is the remainder when 923 is divided by 471?
452
What is the remainder when 1566 is divided by 686?
194
Calculate the remainder when 3311 is divided by 138.
137
What is the remainder when 468 is divided by 84?
48
Calculate the remainder when 253 is divided by 66.
55
Calculate the remainder when 13306 is divided by 7.
6
What is the remainder when 172 is divided by 7?
4
What is the remainder when 733 is divided by 7?
5
What is the remainder when 1119 is divided by 23?
15
Calculate the remainder when 426 is divided by 210.
6
What is the remainder when 239 is divided by 7?
1
Calculate the remainder when 140 is divided by 18.
14
Calculate the remainder when 187 is divided by 109.
78
Calculate the remainder when 477 is divided by 154.
15
Calculate the remainder when 205 is divided by 26.
23
Calculate the remainder when 23652 is divided by 95.
92
Calculate the remainder when 2095 is divided by 42.
37
Calculate the remainder when 137 is divided by 13.
7
What is the remainder when 156 is divided by 24?
12
What is the remainder when 738 is divided by 10?
8
Calculate the remainder when 1607 is divided by 756.
95
Calculate the remainder when 574 is divided by 16.
14
Calculate the remainder when 33 is divided by 6.
3
Calculate the remainder when 5405 is divided by 32.
29
What is the remainder when 346 is divided by 70?
66
Calculate the remainder when 158 is divided by 65.
28
Calculate the remainder when 552 is divided by 63.
48
Calculate the remainder when 59 is divided by 32.
27
Calculate the remainder when 1264 is divided by 97.
3
What is the remainder when 335 is divided by 62?
25
What is the remainder when 276 is divided by 80?
36
What is the remainder when 702 is divided by 59?
53
What is the remainder when 24305 is divided by 59?
56
What is the remainder when 1478 is divided by 209?
15
What is the remainder when 1236 is divided by 40?
36
What is the remainder when 226 is divided by 38?
36
What is the remainder when 130 is divided by 7?
4
What is the remainder when 241 is divided by 61?
58
What is the remainder when 523 is divided by 21?
19
Calculate the remainder when 179 is divided by 47.
38
Calculate the remainder when 758 is divided by 51.
44
What is the remainder when 485 is divided by 73?
47
Calculate the remainder when 77 is divided by 67.
10
What is the remainder when 2012 is divided by 65?
62
Calculate the remainder when 185 is divided by 121.
64
Calculate the remainder when 319 is divided by 19.
15
Calculate the remainder when 3873 is divided by 149.
148
Calculate the remainder when 835 is divided by 10.
5
Calculate the remainder when 264 is divided by 65.
4
Calculate the remainder when 456 is divided by 66.
60
Calculate the remainder when 5486 is divided by 98.
96
Calculate the remainder when 1893 is divided by 73.
68
Calculate the remainder when 332 is divided by 67.
64
What is the remainder when 1178 is divided by 50?
28
What is the remainder when 297 is divided by 55?
22
What is the remainder when 141 is divided by 104?
37
Calculate the remainder when 726 is divided by 348.
30
Calculate the remainder when 184 is divided by 8.
0
Calculate the remainder when 9701 is divided by 46.
41
Calculate the remainder when 1189 is divided by 38.
11
What is the remainder when 4 is divided by 2?
0
Calculate the remainder when 464 is divided by 26.
22
What is the remainder when 543 is divided by 42?
39
What is the remainder when 26 is divided by 12?
2
Calculate the remainder when 960 is divided by 26.
24
What is the remainder when 296 is divided by 161?
135
What is the remainder when 2257 is divided by 113?
110
What is the remainder when 206 is divided by 54?
44
Calculate the remainder when 911 is divided by 136.
95
Calculate the remainder when 506 is divided by 127.
125
What is the remainder when 20157 is divided by 80?
77
What is the remainder when 712 is divided by 346?
20
Calculate the remainder when 485 is divided by 2.
1
What is the remainder when 486 is divided by 24?
6
Calculate the remainder when 195 is divided by 68.
59
Calculate the remainder when 110 is divided by 57.
53
Calculate the remainder when 2515 is divided by 68.
67
Calculate the remainder when 377 is divided by 16.
9
What is the remainder when 95 is divided by 6?
5
Calculate the remainder when 30 is divided by 9.
3
What is the remainder when 24 is divided by 15?
9
What is the remainder when 109 is divided by 27?
1
What is the remainder when 246 is divided by 63?
57
What is the remainder when 550 is divided by 11?
0
What is the remainder when 978 is divided by 21?
12
What is the remainder when 193 is divided by 52?
37
What is the remainder when 929 is divided by 31?
30
What is the remainder when 357 is divided by 45?
42
Calculate the remainder when 574 is divided by 187.
13
Calculate the remainder when 94 is divided by 9.
4
What is the remainder when 490 is divided by 41?
39
Calculate the remainder when 1121 is divided by 66.
65
Calculate the remainder when 201 is divided by 27.
12
What is the remainder when 1374 is divided by 240?
174
What is the remainder when 85 is divided by 29?
27
Calculate the remainder when 43 is divided by 9.
7
What is the remainder when 877 is divided by 149?
132
What is the remainder when 7838 is divided by 212?
206
Calculate the remainder when 594 is divided by 75.
69
Calculate the remainder when 34 is divided by 8.
2
What is the remainder when 248 is divided by 85?
78
What is the remainder when 454 is divided by 120?
94
Calculate the remainder when 755 is divided by 54.
53
Calculate the remainder when 3128 is divided by 29.
25
What is the remainder when 44 is divided by 19?
6
What is the remainder when 62 is divided by 16?
14
What is the remainder when 6031 is divided by 16?
15
What is the remainder when 776 is divided by 21?
20
What is the remainder when 2501 is divided by 413?
23
Calculate the remainder when 335 is divided by 24.
23
What is the remainder when 8846 is divided by 40?
6
Calculate the remainder when 32 is divided by 17.
15
What is the remainder when 512 is divided by 495?
17
What is the remainder when 179 is divided by 10?
9
Calculate the remainder when 750 is divided by 412.
338
Calculate the remainder when 869 is divided by 10.
9
Calculate the remainder when 3589 is divided by 19.
17
Calculate the remainder when 963 is divided by 21.
18
Calculate the remainder when 82 is divided by 42.
40
Calculate the remainder when 239 is divided by 46.
9
What is the remainder when 5038 is divided by 18?
16
What is the remainder when 134 is divided by 18?
8
Calculate the remainder when 102 is divided by 36.
30
Calculate the remainder when 298 is divided by 38.
32
Calculate the remainder when 141 is divided by 21.
15
What is the remainder when 357 is divided by 232?
125
Calculate the remainder when 597 is divided by 293.
11
What is the remainder when 801 is divided by 90?
81
What is the remainder when 230 is divided by 58?
56
Calculate the remainder when 112 is divided by 32.
16
Calculate the remainder when 73 is divided by 2.
1
Calculate the remainder when 2312 is divided by 116.
108
What is the remainder when 78 is divided by 21?
15
Calculate the remainder when 3441 is divided by 21.
18
Calculate the remainder when 668 is divided by 172.
152
What is the remainder when 480 is divided by 37?
36
What is the remainder when 150 is divided by 17?
14
What is the remainder when 1201 is divided by 6?
1
Calculate the remainder when 266 is divided by 68.
62
What is the remainder when 84 is divided by 69?
15
Calculate the remainder when 63 is divided by 35.
28
What is